8*l - 13*l + 1891. Calculate the highest common factor of 182 and s.
91
Let r = 11089 + -2309. Calculate the highest common factor of 30 and r.
10
Suppose 2*f = -n + 177 + 167, 0 = -4*f - n + 692. Calculate the highest common factor of f and 42.
6
Suppose 2*m - 5*i = 70149, 2*m + 2576*i - 70093 = 2573*i. Calculate the highest common divisor of m and 11.
11
Suppose -4*b + 45 = 33, -m - 2*b = -214. What is the greatest common factor of m and 52?
52
Let s be -19 - (310/(-1))/10. What is the greatest common divisor of 7932 and s?
12
Let d be 11/((-44)/(-14))*(-8)/(-2). Let i be (21/d)/((-3)/(-54)). What is the greatest common factor of i and 72?
9
Let j(s) = 4787*s**3 - 22*s**2 + 10*s + 13. Let d be j(1). Calculate the highest common divisor of d and 1260.
252
Let r(t) = -20*t - 2640. Let o be r(-140). What is the highest common factor of 7264 and o?
32
Suppose -19 = -6*u + 11. Suppose -u*m + 19*m = 280. Calculate the greatest common factor of 500 and m.
20
Let q(o) = -352*o**3 - 4*o**2 - 71*o - 133. Let r be q(-2). What is the highest common factor of r and 53?
53
Let w = -297 - -442. Suppose 227*t = 18476 - 3006 + 4279. What is the greatest common divisor of w and t?
29
Suppose -2*u + 66*r = 61*r - 3223, -3*r = -u + 1608. Calculate the highest common factor of 362 and u.
181
Let a = 12284 - 12256. Calculate the greatest common divisor of 47068 and a.
28
Let g(a) = -a**2 + 35*a + 1862. Let m be g(-29). Calculate the greatest common divisor of m and 8886.
6
Let u(k) = 2*k**3 - 40*k**2 - 34*k + 85. Let a be u(21). Calculate the highest common factor of 99 and a.
11
Suppose -q = 3*z - 252, 0*z - 16 = -4*z. Suppose 2*t + 13*v - 5 = 18*v, 2*t = v + 25. What is the greatest common divisor of q and t?
15
Let k = 52 + -37. Suppose 442 + 248 = k*t. What is the highest common divisor of t and 115?
23
Let u be ((-18)/12)/((-4)/8)*(-20)/(-6). Calculate the greatest common factor of 306 and u.
2
Suppose -h + 0 + 17 = -3*s, -h - 32 = 4*s. Let t be (19 + 0)*s/7. Let q be -23 - t - (-37 + 0). Calculate the greatest common factor of 363 and q.
33
Let d(j) = -30*j - 1. Let o be d(-1). Suppose 10*f = -13*w + 16*w + 3181, 3*w - 1604 = -5*f. What is the greatest common divisor of o and f?
29
Suppose 8*s - 87 = 5*s. Let q(x) = 37*x + 29. Let h be q(0). Calculate the greatest common factor of h and s.
29
Let m = 3294 - 1019. Calculate the highest common divisor of 700 and m.
175
Let y be (-476)/(-2)*(-10 + 30). Suppose -z + y = 16*z. What is the highest common factor of z and 56?
56
Let k be ((-798)/490 + (-3)/(-7))*(-30)/4. What is the greatest common divisor of k and 1818?
9
Let o(a) = 15*a + 43. Let h(n) = -7*n - 22. Let f(u) = 9*h(u) + 4*o(u). Let r be f(-9). Let l be 2/4*(r - -17). What is the highest common factor of 63 and l?
9
Let g(p) = 5*p**3 - 9*p**2 + 32*p + 9. Let j(k) = k**3 + 2*k + 2. Let q(s) = g(s) - 6*j(s). Let d be q(-12). Calculate the greatest common factor of 18 and d.
9
Let b(k) = 60*k**2 - 39*k + 24. Let a be b(1). Calculate the greatest common factor of 15705 and a.
45
Suppose 7*t - 148 + 64 = 0. Let n be (-43 - 4 - 3)*t/(-8). Calculate the greatest common factor of n and 200.
25
Suppose 20*s - 5*s = 3645. Let a = 72 + s. What is the greatest common factor of a and 45?
45
Let z be 58586/110 - (-4 - 92/(-20)). Calculate the highest common divisor of 28 and z.
28
Let a = -110 - -90. Let r be (1 + -5)*a/(-16)*-4. Let v = 100 - 40. Calculate the highest common factor of v and r.
20
Let k = -7942 - -12125. What is the highest common factor of k and 141?
47
Let o be (-8)/20 + 96/(-10). Let g be o/(-5)*(85 - 0). Suppose 0*z - 4*z + 5*c = -63, 0 = 5*z - 5*c - 80. What is the greatest common divisor of g and z?
17
Let w = -6116 - -6143. Let d(s) = s**2 + s + 2. Let z be d(0). Suppose -3*j = 4*r - 89, j = 4*r + z + 17. What is the highest common divisor of w and j?
27
Let d(m) = 21*m - 944. Let u be d(48). Calculate the greatest common factor of u and 616.
8
Let q be 1/((-75)/10) + 745909/255. What is the highest common factor of q and 117?
117
Suppose 189*h - 166*h - 828 = 0. Calculate the highest common divisor of 312 and h.
12
Suppose -432 = 9*m - 15*m. Suppose 0 = -7*q + 5*q + 5*s + 23, 2*q - 14 = -4*s. What is the greatest common divisor of m and q?
9
Let g = -57 - -65. Suppose -10*c - g*c = -198. What is the highest common factor of 1 and c?
1
Suppose 93*b - 1575 = 96*b. Let p = -504 - b. Calculate the greatest common factor of 9 and p.
3
Suppose 12*o - 20 = 8*o, 4*t + 4*o - 292 = 0. Let c = 107 - 3. Let k = c - t. What is the highest common divisor of 12 and k?
12
Let p be 18/4 - (-2)/(-4). Suppose -29 = -p*x + 55. Let m = 2531 + -2524. Calculate the greatest common factor of m and x.
7
Let b(f) = 3*f**2 + 19*f - 43. Let q be b(-18). Suppose -53 = -40*z + q. What is the greatest common divisor of z and 656?
16
Let b = 79 - 55. Let o be 144*(288/27 + -11 - -1). What is the highest common divisor of o and b?
24
Suppose -32 + 16 = -4*d. Suppose -21 = -3*w + 3*z, 2*w + 9 = -d*z - 1. Calculate the highest common factor of w and 9.
3
Let l(b) = -b**3 + 9*b**2 + 7*b - 10. Let t be l(10). Let f be 60/t*(-56)/6. Suppose 3*r - f - 73 = 0. What is the greatest common divisor of r and 116?
29
Suppose 0 = -2*h - 58*c + 54*c + 2522, 2*h - 2*c = 2492. What is the greatest common divisor of 18 and h?
9
Let g be (26*25)/2*(-135)/(-225). Suppose -g*v + 192*v + 621 = 0. Calculate the greatest common factor of v and 23.
23
Suppose -1318 = -2*u + 8482. Suppose v = 6*v - u. Suppose -6*i - v = -16*i. What is the greatest common factor of i and 14?
14
Let g(n) = -2*n**3 + 5*n**2 - 74*n - 46. Let w be g(-8). Calculate the highest common factor of 144 and w.
18
Let s(c) = -34*c - 6 + 4*c**2 + c**3 + 72*c + 1 - 39*c. Let a be s(-4). Let q be (15/6)/(a/(-6)). What is the highest common factor of q and 60?
15
Suppose 0*y = -4*k + 2*y + 152, -3*k + 2*y + 113 = 0. What is the greatest common divisor of k and 1833?
39
Let r(t) = 42*t + 39. Let u(o) = 83*o + 72. Let n(f) = -5*r(f) + 3*u(f). Let l be n(2). Calculate the highest common factor of 11 and l.
11
Let s(r) = 9*r**2 + 3*r - 4. Let g be s(1). Let y(p) = -2*p**2 + 20*p - 30. Let t be y(g). Suppose 9 = l - 5. What is the greatest common divisor of t and l?
2
Let x be (-2 + 6/2)*25. Suppose 88*a - 50*a = -228. Let p = a + x. What is the greatest common divisor of p and 57?
19
Let w(h) = -96*h + 5492. Let k be w(55). Calculate the highest common divisor of 100 and k.
4
Let g(q) = 156*q - 21. Let c be g(1). Suppose 6*m - m = c. What is the greatest common factor of m and 351?
27
Let h be (-1 - (-3)/15)*(-15)/6. Let q be -76 - (h/(-4))/(10/20). Let l be (-17895)/q + (-3)/5. Calculate the highest common factor of 34 and l.
34
Suppose -1240 = -12*g + 2*g. Let r = 186 - g. Let z = 122 - r. What is the greatest common divisor of 12 and z?
12
Suppose 7*j - 5*j = 10. Let d be j*(-8)/(-100) - 3406/(-10). Suppose -2*v + 19 = -c - 43, -2*v = -3*c - 62. Calculate the greatest common factor of d and v.
31
Let l be (51 + -41)/(((-8)/20)/((-2)/10)). Let v = 66 + -31. What is the greatest common factor of l and v?
5
Suppose 32 = 5*c - 8. Let h = -91 - -105. Suppose -5*o + h = 4. Calculate the highest common factor of o and c.
2
Let y be (-24)/44 - (1948/(-22) - -3). What is the highest common factor of 2635 and y?
85
Suppose 0 = 26*h - 20*h. Suppose -10*j + 211 + 9 = h. Let x(u) = u**2 + 4*u - 7. Let y be x(9). What is the highest common factor of y and j?
22
Suppose -5*r + 5 = -5*f, 0 = 3*f - 6*r + 10*r - 25. Calculate the greatest common divisor of f and 271.
1
Let c = -430 - -638. Suppose 73*y = 77*y + 5*u - 7, -7*u = -2*y + 89. Calculate the highest common divisor of c and y.
13
Let f be (-1 - 65)*24/(-6). Calculate the greatest common divisor of 429 and f.
33
Suppose -1166 = -5*z - 3*k, -4*k + 1 + 7 = 0. Suppose -41*m + 6905 = 5716. What is the highest common divisor of m and z?
29
Let d be 1*-5*(-4800)/125. Calculate the highest common divisor of 984 and d.
24
Suppose 4*g = -4*i + 5524, -3*g - 5832 - 1033 = -5*i. Calculate the highest common divisor of 32 and i.
32
Let l(n) = n**3 - 11*n**2 - 23*n - 127. Let z be l(15). Let y be (-1)/(-9) + 245/63. Calculate the greatest common divisor of y and z.
4
Let q be (51/(-68))/(1/(-48))*(-